. What is the highest common divisor of r and 49?
7
Suppose 5*p - 121 = 2*p - 4*c, 19 = p - 4*c. Let k = 0 + 7. Suppose k*m - 35 = 2*m. What is the highest common factor of m and p?
7
Suppose 3*b + 11 = 26. Suppose -b*v = 5*t - 50, t - v = 16 - 0. Calculate the greatest common factor of 91 and t.
13
Suppose -f - 2 = -4*y, 2*f - 24 - 2 = -2*y. Calculate the greatest common divisor of 2 and f.
2
Let k(f) = 2*f**2 - 4*f - 8. Let b be k(-2). Calculate the greatest common divisor of 20 and b.
4
Suppose -2*y - 2*y + 33 = -5*h, 0 = 3*y - 5*h - 31. Let g be (1 - y)*(-4 - -2). Calculate the greatest common divisor of g and 2.
2
Let u = -70 + 90. What is the highest common factor of 5 and u?
5
Suppose -3*i + 27 = -n, -45 = -5*i - 2*n + 5*n. Let s(v) = 15*v + 3. Let j be s(1). What is the highest common divisor of j and i?
9
Suppose -4*j - 91 - 5 = 0. Let h = j - -34. Calculate the greatest common factor of h and 2.
2
Let n(c) = 15*c**2 - c + 2. Let o be n(-1). What is the highest common factor of o and 72?
18
Let z = 25 - -16. Let j be z + 1 + -3 + 1. Let s(m) = m**2 - 9. Let r be s(-5). Calculate the greatest common factor of j and r.
8
Let w be (-554)/(-5) + 8/(-10). Let b be 1/(-2 + 3/2). Let y = 9 - b. What is the highest common factor of y and w?
11
Let t be 32087/99 - 3/27. What is the greatest common divisor of 12 and t?
12
Suppose -f - 5 = -3. Let a be (12/10)/(f/(-220)). Suppose 0*k + a = 4*k. Calculate the highest common factor of k and 11.
11
Let k = 1 + 65. Suppose 3*a = 5*g - 45, -4 = a + 1. Calculate the greatest common divisor of g and k.
6
Let l(p) = 4*p + 2*p**2 + 0*p**2 + 2 - 7 - 15*p. Let z be l(8). Calculate the highest common divisor of 70 and z.
35
Let b = -10 + 30. Suppose -244 = -3*q + 176. Calculate the greatest common divisor of b and q.
20
Let c(f) = -f**3 + 4*f**2 + 6*f - 3. Let l be c(5). Let r = 58 + -42. What is the greatest common factor of r and l?
2
Suppose 3*u - 4*b - 23 = 0, -u + 13 = -b + 5. Calculate the highest common factor of u and 45.
9
Let n be 30/4*(-18)/(-15). Let k be 9/2*20/10. What is the highest common factor of n and k?
9
Let r(q) = -q**2. Let b(d) = d**3 - 7*d**2 + d - 4. Let g(o) = b(o) - 3*r(o). Let m be g(4). Let j = 2 + m. Calculate the highest common divisor of j and 2.
2
Let p = 26 - -24. Let v = -14 + p. Calculate the highest common divisor of v and 18.
18
Let l be (-10 + 20)/((-1)/(-4)). Calculate the highest common divisor of l and 100.
20
Let w = -18 + 25. What is the greatest common divisor of 77 and w?
7
Suppose 5*k + 195 = -0*w + 2*w, w - 3*k = 97. Calculate the highest common factor of w and 25.
25
Let w(x) = 2*x**2 + 3*x. Suppose 0 = 5*f + u - 2*u - 7, 4*u + 10 = 2*f. Suppose -f = 2*s + 3. Let j be w(s). What is the greatest common factor of j and 1?
1
Suppose -37 = -w - 5. Calculate the highest common divisor of w and 160.
32
Let d(w) = 3*w + 49. Let c be d(-15). What is the highest common divisor of 12 and c?
4
Let k(x) = -x**3 - 6*x**2 - 6*x + 12. Let b be k(-6). Calculate the greatest common factor of b and 12.
12
Let p = -7 + 8. Suppose p = -3*m + 7. Suppose -4*d + 20 = -m*d. Calculate the greatest common factor of 5 and d.
5
Let z(y) = -y**3 - y**2 + 52. Let s be z(0). Calculate the highest common divisor of s and 78.
26
Let v(z) = -1 - 7*z - 9*z**2 + 5 + 12*z**2 - 9*z. Let x be v(6). What is the greatest common divisor of x and 16?
16
Let h(r) = 2*r - 2. Let c be h(2). Suppose 20 - c = -2*t. Let j be ((-45)/6)/(t/24). Calculate the highest common factor of 5 and j.
5
Suppose 3*u - 11 = -g, 6*u - 18 = -3*g + 2*u. Suppose 118 = 15*y + 28. Calculate the greatest common divisor of y and g.
2
Suppose 0 = 3*u + 12, -2*u = -o - u + 1. Let f = 6 + o. Suppose 0 = 4*t - 2*p - f*p - 8, 0 = -4*p. Calculate the greatest common factor of 2 and t.
2
Let a = 10 + -4. Suppose -a*m + 7*m - 10 = 0. Calculate the greatest common factor of 110 and m.
10
Let v(i) = -i - 1. Let n(p) = p**3 - 5*p**2 - 7*p + 8. Let h be n(6). Let a be v(h). Let s = -2 - a. Calculate the greatest common divisor of s and 2.
1
Let q(r) = -r**3 + 7*r**2 + 4*r + 4. Let i be q(8). Let n = i - -98. What is the greatest common factor of n and 7?
7
Let a(m) = 2*m**2 + 13*m + 6. Let p be a(-6). Let d be (3 + p)*(-22)/(-6). Let g be -8*2*(-22)/4. Calculate the highest common factor of g and d.
11
Let n = -550 - -349. Let c = n + 313. What is the greatest common factor of c and 14?
14
Let r = 5 - -6. What is the greatest common factor of r and 11?
11
Let u = 208 - 112. Calculate the greatest common divisor of 32 and u.
32
Let x(b) = 11*b. Let p = 7 + 4. Let d be x(p). What is the greatest common factor of 11 and d?
11
Suppose -j = -5*s - 4*j + 9, 5 = 3*s + 2*j. Suppose -s*y = 2*l - 100, -y + 2*y = l + 40. Calculate the highest common factor of 24 and y.
12
Let b be (-5)/(5/(-3)) - -17. Calculate the greatest common factor of b and 20.
20
Let c(m) = m**2 + 11*m + 11. Let f be c(-10). What is the highest common factor of 11 and f?
1
Suppose 0 = 2*f - 4*k - 164, f = -4*k + 2*k + 98. Calculate the highest common factor of 15 and f.
15
Let b(v) = -77*v - 1. Let h be b(-4). Let s = h + -217. Calculate the greatest common divisor of 10 and s.
10
Let k(v) = 26*v**2 - 3*v + 2. Let c be k(2). What is the highest common divisor of 20 and c?
20
Suppose -5*a = -5*w + 70, 0*w = -5*w - 4*a + 34. Suppose 2*p = -2*y + 206, -3*y = -2*p - 0*p - 294. What is the greatest common factor of w and y?
10
Let r(j) = -j**2 - j + 98. Let w be r(0). What is the greatest common factor of w and 14?
14
Let p = -4 - -4. Suppose 5*x = -p*x. Let t = x + 1. Calculate the highest common factor of 4 and t.
1
Let h(l) = -l**3 - 13*l**2 - 3*l. Let u be h(-13). What is the greatest common factor of 26 and u?
13
Suppose -t - 170 = -3*u, -u + 3*t = u - 118. What is the highest common divisor of u and 7?
7
Let s(l) = -l**3 + 16*l**2 + 16. Let t be s(16). Let o be (-12)/(-10)*(-160)/(-3). Suppose -4*g = -o - 32. What is the greatest common factor of g and t?
8
Let a = 259 - 24. What is the highest common divisor of 94 and a?
47
Let g be (2/4)/((-7)/(-28)). Calculate the highest common divisor of 3 and g.
1
Let b(a) = -a**3 + a**2 - 5*a + 56. Let c be b(0). Calculate the highest common factor of 28 and c.
28
Let o = 1 - -6. Let a(p) = p**3 - 6*p**2 - 5*p. Let w be a(o). What is the greatest common divisor of w and 56?
14
Suppose 6*g + 45 = 4*a + 5*g, -2*a = 3*g - 5. What is the highest common factor of 90 and a?
10
Suppose -7 - 5 = -3*b. Suppose 5*t = -20, 0*n = b*n + 4*t - 44. What is the greatest common factor of n and 165?
15
Let h = 20 + 43. Calculate the highest common factor of h and 21.
21
Suppose -2 = 2*n - 4*n. Calculate the greatest common divisor of 3 and n.
1
Let l(w) = 2*w**2 - 2*w - 4. Let x be l(4). Let f be (3 + x/(-8))*26. What is the greatest common factor of 117 and f?
13
Let g(w) = -w**2 + 6*w - 4. Let z be g(4). Calculate the highest common factor of z and 6.
2
Let h = 130 + -46. Calculate the highest common divisor of h and 12.
12
Suppose p + 5*s = -4*p + 35, 4*s - 12 = 0. Suppose 5*b = p*l + 187, -b + 3*l + 47 = -l. Calculate the greatest common divisor of 7 and b.
7
Let g = 7 + 5. Suppose -7*t + 30 = -2*t + 2*h, -2*t - 5*h = -12. What is the greatest common factor of t and g?
6
Let u(s) = 77 + 3*s - 2*s + s**3 + 0*s - s**2. Let b be u(0). Let p = -53 + b. Calculate the greatest common divisor of p and 6.
6
Let r be 49*1/1 + 0. What is the highest common divisor of r and 7?
7
Let h(r) = r**3 - r**2 - 8*r - 4. Let n be h(6). Suppose 5*k = -v + 82, -4*k + 26 = -2*k - 3*v. What is the highest common factor of k and n?
16
Suppose 250 = 4*y - 2*b, 0 = -2*y - 2*b - 3*b + 95. Suppose c - y = -c. Calculate the greatest common divisor of 6 and c.
6
Let x(w) be the first derivative of -99*w**4/2 + w**3/3 + w**2 + w + 1. Let i be x(-1). Let a = 13 + 9. What is the greatest common factor of a and i?
22
Let p = -29 - -94. Let t = -57 - -83. What is the greatest common divisor of t and p?
13
Let g = 9 + 22. Suppose -5*j - g + 106 = 0. Suppose 2 + 18 = 4*h. Calculate the highest common factor of h and j.
5
Suppose -2*k - 4*g - g + 57 = 0, -k - 5*g + 41 = 0. What is the greatest common factor of k and 48?
16
Let m(f) = -11*f - 52. Let b be m(-8). Calculate the highest